{"id":507,"date":"2025-03-07T20:13:14","date_gmt":"2025-03-07T20:13:14","guid":{"rendered":"https:\/\/laserworks.cl\/?post_type=product&#038;p=507"},"modified":"2025-04-08T20:01:43","modified_gmt":"2025-04-08T20:01:43","slug":"caja-vino-madera-personalizada","status":"publish","type":"product","link":"https:\/\/laserworks.cl\/?product=caja-vino-madera-personalizada","title":{"rendered":"Caja para vino MDF"},"content":{"rendered":"<p data-sourcepos=\"3:1-3:29\"><strong>Descripci\u00f3n del Producto:<\/strong><\/p>\n<ul data-sourcepos=\"5:1-17:0\">\n<li data-sourcepos=\"5:1-5:76\"><strong>Producto:<\/strong> Caja de madera (MDF) para botella de vino con asa de cuerda.<\/li>\n<li data-sourcepos=\"6:1-6:24\"><strong>Marca:<\/strong> Laserworks.<\/li>\n<li data-sourcepos=\"7:1-7:175\"><strong>Dise\u00f1o:<\/strong> Caja rectangular de madera con tapa abatible , dise\u00f1ada para almacenar y transportar una botella de vino. Incluye un asa de cuerda para facilitar el transporte.<\/li>\n<li data-sourcepos=\"8:1-8:57\"><strong>Material:<\/strong> MDF<\/li>\n<li data-sourcepos=\"9:1-14:69\"><strong>Caracter\u00edsticas:<\/strong>\n<ul data-sourcepos=\"10:5-14:69\">\n<li data-sourcepos=\"10:5-10:79\">Dise\u00f1o rectangular con tapa abatible en la parte superior para un f\u00e1cil acceso a la botella.<\/li>\n<li data-sourcepos=\"11:5-11:66\">Asa de cuerda resistente para un transporte c\u00f3modo y seguro.<\/li>\n<li data-sourcepos=\"12:5-12:72\">Laterales con recortes para facilitar el agarre y la manipulaci\u00f3n.<\/li>\n<li data-sourcepos=\"13:5-13:73\">Personalizable con Grabado l\u00e1ser .<\/li>\n<\/ul>\n<\/li>\n<li data-sourcepos=\"15:1-15:157\"><strong>Dimensiones:<\/strong> Las dimensiones exactas no se pueden determinar a partir de la imagen, pero est\u00e1n dise\u00f1adas para adaptarse a una botella de vino est\u00e1ndar.<\/li>\n<li data-sourcepos=\"16:1-17:0\"><strong>Acabado:<\/strong> MDF natural, sin tratar o con un recubrimiento protector ligero.<\/li>\n<\/ul>\n<p data-sourcepos=\"18:1-18:18\"><strong>\u00a0Usos:<\/strong><\/p>\n<ul data-sourcepos=\"20:1-24:0\">\n<li data-sourcepos=\"20:1-20:53\">Embalaje para botellas de vino para regalo o venta.<\/li>\n<li data-sourcepos=\"21:1-21:62\">Presentaci\u00f3n de botellas de vino en eventos o degustaciones.<\/li>\n<li data-sourcepos=\"22:1-22:49\">Transporte seguro y c\u00f3modo de botellas de vino.<\/li>\n<\/ul>\n","protected":false},"excerpt":{"rendered":"<p data-sourcepos=\"33:1-33:253\">Les gustar\u00eda ver c\u00f3mo su dise\u00f1o o marca lucir\u00eda en una de estas cajas? Podemos mostrarles diferentes opciones de grabado y ayudarles a crear un regalo \u00fanico y memorable. Es una forma sencilla y efectiva de a\u00f1adir un valor incalculable a un buen vino.<\/p>\n<p data-sourcepos=\"33:1-33:253\">\u00bfQu\u00e9 idea de personalizaci\u00f3n tienen en mente para esta hermosa caja de vino?<\/p>\n[njwa_button id=\"588\"]\n","protected":false},"featured_media":508,"comment_status":"open","ping_status":"closed","template":"","meta":[],"product_brand":[],"product_cat":[53],"product_tag":[46,50,41,54,26,40,42,55],"class_list":{"0":"post-507","1":"product","2":"type-product","3":"status-publish","4":"has-post-thumbnail","6":"product_cat-gourmet-sommelier","7":"product_tag-caja-de-vino","8":"product_tag-corte-laser","9":"product_tag-eventos","10":"product_tag-grabados","11":"product_tag-regalos-corporativos","12":"product_tag-vinos","13":"product_tag-vinos-y-sommelier","14":"product_tag-vinotecas","16":"first","17":"instock","18":"sale","19":"shipping-taxable","20":"purchasable","21":"product-type-simple"},"yoast_head":"<!-- This site is optimized with the Yoast SEO plugin v25.3.1 - https:\/\/yoast.com\/wordpress\/plugins\/seo\/ -->\n<title>Caja para vino MDF - Caja para vino MDF<\/title>\n<meta name=\"description\" content=\"Descubre nuestra caja ensamblada para vino en Mdf personalizada con grabado l\u00e1ser. Artesan\u00eda y un toque personal para un regalo excepcional.\" \/>\n<meta name=\"robots\" content=\"index, follow, max-snippet:-1, max-image-preview:large, max-video-preview:-1\" \/>\n<link rel=\"canonical\" href=\"https:\/\/laserworks.cl\/?product=caja-vino-madera-personalizada\" \/>\n<meta property=\"og:locale\" content=\"es_ES\" \/>\n<meta property=\"og:type\" content=\"article\" \/>\n<meta property=\"og:title\" content=\"Caja para vino MDF - Caja para vino MDF\" \/>\n<meta property=\"og:description\" content=\"Descubre nuestra caja ensamblada para vino en Mdf personalizada con grabado l\u00e1ser. Artesan\u00eda y un toque personal para un regalo excepcional.\" \/>\n<meta property=\"og:url\" content=\"https:\/\/laserworks.cl\/?product=caja-vino-madera-personalizada\" \/>\n<meta property=\"article:modified_time\" content=\"2025-04-08T20:01:43+00:00\" \/>\n<meta property=\"og:image\" content=\"https:\/\/laserworks.cl\/wp-content\/uploads\/2025\/03\/Productos-para-pagina-05-scaled.jpg\" \/>\n\t<meta property=\"og:image:width\" content=\"2560\" \/>\n\t<meta property=\"og:image:height\" content=\"2560\" \/>\n\t<meta property=\"og:image:type\" content=\"image\/jpeg\" \/>\n<meta name=\"twitter:card\" content=\"summary_large_image\" \/>\n<meta name=\"twitter:label1\" content=\"Tiempo de lectura\" \/>\n\t<meta name=\"twitter:data1\" content=\"1 minuto\" \/>\n<script type=\"application\/ld+json\" class=\"yoast-schema-graph\">{\"@context\":\"https:\/\/schema.org\",\"@graph\":[{\"@type\":\"WebPage\",\"@id\":\"https:\/\/laserworks.cl\/?product=caja-vino-madera-personalizada\",\"url\":\"https:\/\/laserworks.cl\/?product=caja-vino-madera-personalizada\",\"name\":\"Caja para vino MDF - Caja para vino MDF\",\"isPartOf\":{\"@id\":\"https:\/\/laserworks.cl\/#website\"},\"primaryImageOfPage\":{\"@id\":\"https:\/\/laserworks.cl\/?product=caja-vino-madera-personalizada#primaryimage\"},\"image\":{\"@id\":\"https:\/\/laserworks.cl\/?product=caja-vino-madera-personalizada#primaryimage\"},\"thumbnailUrl\":\"https:\/\/laserworks.cl\/wp-content\/uploads\/2025\/03\/Productos-para-pagina-05-scaled.jpg\",\"datePublished\":\"2025-03-07T20:13:14+00:00\",\"dateModified\":\"2025-04-08T20:01:43+00:00\",\"description\":\"Descubre nuestra caja ensamblada para vino en Mdf personalizada con grabado l\u00e1ser. Artesan\u00eda y un toque personal para un regalo excepcional.\",\"breadcrumb\":{\"@id\":\"https:\/\/laserworks.cl\/?product=caja-vino-madera-personalizada#breadcrumb\"},\"inLanguage\":\"es\",\"potentialAction\":[{\"@type\":\"ReadAction\",\"target\":[\"https:\/\/laserworks.cl\/?product=caja-vino-madera-personalizada\"]}]},{\"@type\":\"ImageObject\",\"inLanguage\":\"es\",\"@id\":\"https:\/\/laserworks.cl\/?product=caja-vino-madera-personalizada#primaryimage\",\"url\":\"https:\/\/laserworks.cl\/wp-content\/uploads\/2025\/03\/Productos-para-pagina-05-scaled.jpg\",\"contentUrl\":\"https:\/\/laserworks.cl\/wp-content\/uploads\/2025\/03\/Productos-para-pagina-05-scaled.jpg\",\"width\":2560,\"height\":2560},{\"@type\":\"BreadcrumbList\",\"@id\":\"https:\/\/laserworks.cl\/?product=caja-vino-madera-personalizada#breadcrumb\",\"itemListElement\":[{\"@type\":\"ListItem\",\"position\":1,\"name\":\"Portada\",\"item\":\"https:\/\/laserworks.cl\/\"},{\"@type\":\"ListItem\",\"position\":2,\"name\":\"Tienda\",\"item\":\"https:\/\/laserworks.cl\/?page_id=6\"},{\"@type\":\"ListItem\",\"position\":3,\"name\":\"Caja para vino MDF\"}]},{\"@type\":\"WebSite\",\"@id\":\"https:\/\/laserworks.cl\/#website\",\"url\":\"https:\/\/laserworks.cl\/\",\"name\":\"\",\"description\":\"\",\"potentialAction\":[{\"@type\":\"SearchAction\",\"target\":{\"@type\":\"EntryPoint\",\"urlTemplate\":\"https:\/\/laserworks.cl\/?s={search_term_string}\"},\"query-input\":{\"@type\":\"PropertyValueSpecification\",\"valueRequired\":true,\"valueName\":\"search_term_string\"}}],\"inLanguage\":\"es\"}]}<\/script>\n<!-- \/ Yoast SEO plugin. -->","yoast_head_json":{"title":"Caja para vino MDF - Caja para vino MDF","description":"Descubre nuestra caja ensamblada para vino en Mdf personalizada con grabado l\u00e1ser. Artesan\u00eda y un toque personal para un regalo excepcional.","robots":{"index":"index","follow":"follow","max-snippet":"max-snippet:-1","max-image-preview":"max-image-preview:large","max-video-preview":"max-video-preview:-1"},"canonical":"https:\/\/laserworks.cl\/?product=caja-vino-madera-personalizada","og_locale":"es_ES","og_type":"article","og_title":"Caja para vino MDF - Caja para vino MDF","og_description":"Descubre nuestra caja ensamblada para vino en Mdf personalizada con grabado l\u00e1ser. Artesan\u00eda y un toque personal para un regalo excepcional.","og_url":"https:\/\/laserworks.cl\/?product=caja-vino-madera-personalizada","article_modified_time":"2025-04-08T20:01:43+00:00","og_image":[{"width":2560,"height":2560,"url":"https:\/\/laserworks.cl\/wp-content\/uploads\/2025\/03\/Productos-para-pagina-05-scaled.jpg","type":"image\/jpeg"}],"twitter_card":"summary_large_image","twitter_misc":{"Tiempo de lectura":"1 minuto"},"schema":{"@context":"https:\/\/schema.org","@graph":[{"@type":"WebPage","@id":"https:\/\/laserworks.cl\/?product=caja-vino-madera-personalizada","url":"https:\/\/laserworks.cl\/?product=caja-vino-madera-personalizada","name":"Caja para vino MDF - Caja para vino MDF","isPartOf":{"@id":"https:\/\/laserworks.cl\/#website"},"primaryImageOfPage":{"@id":"https:\/\/laserworks.cl\/?product=caja-vino-madera-personalizada#primaryimage"},"image":{"@id":"https:\/\/laserworks.cl\/?product=caja-vino-madera-personalizada#primaryimage"},"thumbnailUrl":"https:\/\/laserworks.cl\/wp-content\/uploads\/2025\/03\/Productos-para-pagina-05-scaled.jpg","datePublished":"2025-03-07T20:13:14+00:00","dateModified":"2025-04-08T20:01:43+00:00","description":"Descubre nuestra caja ensamblada para vino en Mdf personalizada con grabado l\u00e1ser. Artesan\u00eda y un toque personal para un regalo excepcional.","breadcrumb":{"@id":"https:\/\/laserworks.cl\/?product=caja-vino-madera-personalizada#breadcrumb"},"inLanguage":"es","potentialAction":[{"@type":"ReadAction","target":["https:\/\/laserworks.cl\/?product=caja-vino-madera-personalizada"]}]},{"@type":"ImageObject","inLanguage":"es","@id":"https:\/\/laserworks.cl\/?product=caja-vino-madera-personalizada#primaryimage","url":"https:\/\/laserworks.cl\/wp-content\/uploads\/2025\/03\/Productos-para-pagina-05-scaled.jpg","contentUrl":"https:\/\/laserworks.cl\/wp-content\/uploads\/2025\/03\/Productos-para-pagina-05-scaled.jpg","width":2560,"height":2560},{"@type":"BreadcrumbList","@id":"https:\/\/laserworks.cl\/?product=caja-vino-madera-personalizada#breadcrumb","itemListElement":[{"@type":"ListItem","position":1,"name":"Portada","item":"https:\/\/laserworks.cl\/"},{"@type":"ListItem","position":2,"name":"Tienda","item":"https:\/\/laserworks.cl\/?page_id=6"},{"@type":"ListItem","position":3,"name":"Caja para vino MDF"}]},{"@type":"WebSite","@id":"https:\/\/laserworks.cl\/#website","url":"https:\/\/laserworks.cl\/","name":"","description":"","potentialAction":[{"@type":"SearchAction","target":{"@type":"EntryPoint","urlTemplate":"https:\/\/laserworks.cl\/?s={search_term_string}"},"query-input":{"@type":"PropertyValueSpecification","valueRequired":true,"valueName":"search_term_string"}}],"inLanguage":"es"}]}},"_links":{"self":[{"href":"https:\/\/laserworks.cl\/index.php?rest_route=\/wp\/v2\/product\/507","targetHints":{"allow":["GET"]}}],"collection":[{"href":"https:\/\/laserworks.cl\/index.php?rest_route=\/wp\/v2\/product"}],"about":[{"href":"https:\/\/laserworks.cl\/index.php?rest_route=\/wp\/v2\/types\/product"}],"replies":[{"embeddable":true,"href":"https:\/\/laserworks.cl\/index.php?rest_route=%2Fwp%2Fv2%2Fcomments&post=507"}],"wp:featuredmedia":[{"embeddable":true,"href":"https:\/\/laserworks.cl\/index.php?rest_route=\/wp\/v2\/media\/508"}],"wp:attachment":[{"href":"https:\/\/laserworks.cl\/index.php?rest_route=%2Fwp%2Fv2%2Fmedia&parent=507"}],"wp:term":[{"taxonomy":"product_brand","embeddable":true,"href":"https:\/\/laserworks.cl\/index.php?rest_route=%2Fwp%2Fv2%2Fproduct_brand&post=507"},{"taxonomy":"product_cat","embeddable":true,"href":"https:\/\/laserworks.cl\/index.php?rest_route=%2Fwp%2Fv2%2Fproduct_cat&post=507"},{"taxonomy":"product_tag","embeddable":true,"href":"https:\/\/laserworks.cl\/index.php?rest_route=%2Fwp%2Fv2%2Fproduct_tag&post=507"}],"curies":[{"name":"wp","href":"https:\/\/api.w.org\/{rel}","templated":true}]}}